ed by (1/(b/108))/1?
33
Suppose 43 = i - y - 39, -5*i = -4*y - 405. Let j = i - 18. Let n = 72 - j. Calculate the remainder when 60 is divided by n.
8
Let y(o) = -2*o**3 - 50*o**2 + 3*o + 104. Calculate the remainder when 414 is divided by y(-25).
8
Suppose 5*k = -8*g + 7*g + 342, 5*g = -5*k + 310. Calculate the remainder when 4817 is divided by k.
57
Suppose -33 = -3*m + 18. Suppose 2*x = -3*z + 28, -z + 27 + m = 5*x. Suppose x = 2*d - 4*d, 4*d = 2*b - 180. What is the remainder when b is divided by 12?
10
Suppose -2*i + 0*i - i = 0. Suppose -3 = z + 5*b + 18, 2*z + 4*b + 60 = i. Calculate the remainder when 908*(-3)/z + 4/(-6) is divided by 26.
23
Let z be (-2)/(-3)*126/12. Suppose 171 = -4*m + z*m. What is the remainder when 282 is divided by m?
54
Suppose 28*w = 24*w + 1200. Let l = 313 - w. What is the remainder when 61 is divided by l?
9
Let u = 130 + 133. Let h = -152 + u. What is the remainder when h is divided by 16?
15
Suppose 0*n + x = 3*n - 137, -n + x + 49 = 0. Let c = -266 - -315. Suppose 0 = -3*d + t + 71, -t = 5*d - 3*d - c. What is the remainder when n is divided by d?
20
Suppose 4502*k - 224 = 4498*k. Let y = 4 - -1. Suppose y = -5*j, -15 - k = -t - 2*j. What is the remainder when t is divided by 19?
16
What is the remainder when 57824/12 - -4 - 4 - (-2)/6 is divided by 25?
19
Let r = -10 + 13. Suppose 0 = -q + r*d + 19 + 25, 5*q = 4*d + 187. Suppose -2*y + 86 = 5*s + 16, -4*y + 32 = s. What is the remainder when q is divided by s?
11
Let h = -256 + 494. Suppose -16*z = -23*z + h. What is the remainder when 227 is divided by z?
23
Let i = 129 - 51. Let h be (-200)/125*(-1 + -9). What is the remainder when i is divided by h/(1/6*4)?
6
Let w be 3 + (34 + -7 - (-8)/4). Let y = 227 - w. Calculate the remainder when y is divided by 18.
15
Let z(s) = -4*s + 18. Let b be z(4). Let g(y) = 3 - 5*y**3 + 0 + y - 4*y**2 - 7*y**3 + b*y. Calculate the remainder when g(-2) is divided by 20.
17
Suppose 21 = 3*g - 0*g. Let f(p) = 5*p - 25. Let x(q) = 16*q - 76. Let u(v) = g*f(v) - 2*x(v). Calculate the remainder when 45 is divided by u(13).
13
Let r be (-3)/(2 + (-178)/172*2). Suppose -3*i - 2*c + 0*c + r = 0, -97 = -5*i + 3*c. Calculate the remainder when 33 is divided by i.
16
Let x = 573561 - 573446. Suppose 5*m - 319 + 69 = 0. Let i = -30 + m. What is the remainder when x is divided by i?
15
Let y(n) = -8*n - 52. Let t be y(-6). Let l(i) = 9*i + 42. Calculate the remainder when l(t) is divided by (-18)/(-5) + (-2)/(-5).
2
Calculate the remainder when 1059 is divided by 24/(-100)*-158 + (-16)/(-200).
33
Suppose -23*n = -26*n - 12. Let j be n/(-1)*(-18 - -165). Suppose -4*p + 5*r + 588 = 0, 0*r + j = 4*p - r. Calculate the remainder when p is divided by 30.
27
Let h(p) = p**2 - 6*p + 2. What is the remainder when 2*((-1004)/10)/(4/(-5)) is divided by h(-4)?
41
Let w = -14 - -94. Suppose -172 = 2*c - 0*c + m, 0 = 3*m + 12. Let y = c + 105. Calculate the remainder when w is divided by y.
17
Suppose 0 = -149*q + 145*q + 28. Suppose -q*w + 961 = -257. Calculate the remainder when w is divided by 60.
54
Let c = -147 - -278. Let v = c + -69. What is the remainder when v is divided by 22?
18
Suppose 2*z + 3*x - 7*x = -12, 0 = 5*z - 3*x - 5. Suppose z*o = -82 + 234. Calculate the remainder when 150 is divided by o.
36
Let i(p) = -5*p**3 - p**2 + p - 1. Suppose 0 = -11*x + 1381 - 1183. What is the remainder when i(-2) is divided by x?
15
Suppose 0 = 3*z + 2*r + 506, 3*r = -5*z - 2*r - 850. Let g = z + 309. Let m(j) = -j**2 + 10*j - 4. Calculate the remainder when g is divided by m(8).
11
Let a(p) = 2*p**2 + 7*p + 63. What is the remainder when a(-11) is divided by 87?
54
Let l = -3324 - -7691. What is the remainder when l is divided by 84?
83
Let c be -2 - 1 - 5*-1. Suppose -2*j - 48 = -p, -4*p - c + 12 = -j. What is the remainder when 216 is divided by (-4991)/(-91) - 4/j?
51
Let m = 10886 - 10764. What is the remainder when 312 is divided by m?
68
Let x be (-714)/(-30) + 5/25. Suppose 0*r + p - 68 = -2*r, -x = -r + 2*p. What is the remainder when 118 is divided by r?
22
Suppose 59 + 877 = 19*p - 6*p. Calculate the remainder when 1084 is divided by p.
4
Let q(c) = -1 - 2*c**2 - c**3 + 4*c - 5*c**2 + 0*c**3. Let i = -1993 - -2001. What is the remainder when q(-8) is divided by i?
7
Suppose 35*r + 25024 = 171*r. What is the remainder when r is divided by 41?
20
Let x = 110 + -107. What is the remainder when 55 is divided by (2/x)/(4/168)?
27
Let m = 8 - -14. Let w(q) = q**2 - 14*q - 11. Let k be w(15). Suppose k*y - 2*v = 350, -5*y + 5*v = -381 - 64. What is the remainder when y is divided by m?
20
Suppose -5*q + 5 = -5. Let p(f) = 33*f**3 - f**2 + 2*f - 3. Let s be p(1). Suppose -21*d + s*d = 180. Calculate the remainder when d is divided by q.
0
Let z(i) be the second derivative of -i**4/12 - 5*i**3/6 + 3*i**2/2 + 3*i. What is the remainder when (-290)/87*(-24)/10 is divided by z(-5)?
2
Suppose 2*p + 2*x = -2, -3*p - 5*x + 5 = 14. Suppose 2*t + 2*d = 5*t - 6, t = 3*d + p. Suppose t*k + 35 = 3*k. Calculate the remainder when k is divided by 12.
11
Let n(u) = -5*u**2 - 43*u + 27. Let x(s) = s**2 + 11*s - 7. Let g(o) = 2*n(o) + 9*x(o). Let v = 0 + 4. What is the remainder when g(7) is divided by v?
1
Suppose -7280 - 8070 = -25*s. What is the remainder when s is divided by 152?
6
Suppose 0 = 4*b - 3*b + 12. Let f = 35 + b. Calculate the remainder when 6/15 + 1126/10 is divided by f.
21
Let o(y) = -2*y**2 - 28*y - 58. Let f be (-4)/10 - 6/(-15). Suppose f*i - 8 = -i. Calculate the remainder when o(-6) is divided by i.
6
Let f(v) = -v**3 + 3*v**2 + 4*v - 4. Calculate the remainder when (-3)/(-7) - 2*3965/(-182) is divided by f(3).
4
Suppose 7*q + 4*d - 8 = 3*q, -2*q - 3*d + 2 = 0. Suppose -c = q*k - 8, -16 = -2*c - 4*k + 20. What is the remainder when 108 is divided by c?
24
Let j = 11222 - 10331. Calculate the remainder when j is divided by 88.
11
Let n(k) = 2*k**2 - 6*k - 11. Suppose -4*i - 67*a + 68*a = -544, -2*i = a - 266. What is the remainder when i is divided by n(-5)?
66
Suppose -19*u - m - 51 = -20*u, 4*m + 145 = 3*u. What is the remainder when 1724 is divided by u?
13
Let p be -8 - (-537 - (3 + -6)). Let f = p - 503. Suppose 4*h - 2*j = 36, 2*h = 5*j + 4 + 22. Calculate the remainder when f is divided by h.
7
Suppose 5*w - 103 + 38 = 0. Let j be (55/35)/(5*6/210). Suppose 3*o - j = -4*y, 2*o - y - w = 2*y. What is the remainder when 13 is divided by o?
3
Suppose 0 = -130*l + 168*l + 48 - 200. Suppose 5*h - 22 = -a, 2*a - 4*a = -h - 55. Calculate the remainder when a is divided by l.
3
Let i(q) = q**3 - 8*q**2 + 7*q - 16. Calculate the remainder when 825 is divided by i(8).
25
Let v(f) = -3*f**2 - 29*f - 5. Calculate the remainder when 4625 is divided by v(-9).
10
Suppose -69*u - 8181 = -72*u + 3*z, -5*u - 4*z = -13644. Calculate the remainder when u is divided by 1362.
4
Let h = 25195 + -25163. What is the remainder when 908 is divided by h?
12
Let c = -17413 - -17720. Calculate the remainder when 913 is divided by c.
299
Let h be 93 - (4/5 + (-5)/(-25)). Calculate the remainder when 3/((-18)/9 + 190/h) is divided by 24.
22
Suppose -4*m + z = -141, 10*m = 14*m - 3*z - 135. Let h = 69 - m. What is the remainder when 102 is divided by h?
3
Let r(i) = 7*i + 4. Let h(a) = -8*a - 4. Let l(y) = 6*h(y) + 7*r(y). Let w be l(12). Let u = w + 6. Calculate the remainder when u is divided by 12.
10
Let j(i) = -33*i**3 - 22*i**2 - 14*i - 18. What is the remainder when 885 is divided by j(-2)?
141
Suppose -2*k + 20 = 3*k. Suppose -k*j = -11*j - 98. Let w = j + 83. Calculate the remainder when w is divided by 18.
15
Let d = -19856 + 19878. Suppose 8*c - 3*c - 4*z - 306 = 0, -5*c + 2*z + 298 = 0. Calculate the remainder when c is divided by d.
14
Suppose 7932 - 4369 = 4*s + 3*s. What is the remainder when 1052 is divided by s?
34
Let i = -25 + 35. Let j be (-6)/(-5)*i/4. Suppose -j*l = 49 - 136. Calculate the remainder when l is divided by 16.
13
Let f(m) = 15*m**2 + 2*m. Suppose 10 - 2 = 2*l. Suppose -l*i + 2 = -2*i. Calculate the remainder when f(i) is divided by 4.
1
Suppose 443*v - 5547 - 6857 = 0. Suppose 4*w - 294 = -d, -2*w + 375 = 3*w + 5*d. Calculate the remainder when w is divided by v.
17
Let r(s) = s**2 - 5*s + 5. Let j be 7/(7/(-2)) - -3. Wh